t of (-2)/(-1)*(6 - q)?
8
Let s = 8 - 15. Let m(q) = -2*q - 21. Let l(g) = -g - 10. Let b(i) = s*l(i) + 3*m(i). What is the units digit of b(-5)?
2
Let r(q) = -q**3 - 7*q**2 - 3*q - 7. Let v = 13 - 22. Let i be (-1 - 3) + v/3. What is the tens digit of r(i)?
1
Suppose 72 - 13 = 3*y - 5*d, -4*y + d = -56. Let p = 0 + y. What is the tens digit of p?
1
Let y = 10 - -15. What is the tens digit of y?
2
Let s = -1 + -4. Let x(z) = -z**2 - 6*z + 7. What is the units digit of x(s)?
2
Suppose 0 = -6*z + 2*z + 92. Let j(w) = w**2 - w. Let v be j(-3). Let q = z - v. What is the tens digit of q?
1
Let v = 110 + -38. Suppose 3*r + r - v = 0. Suppose r = j + 2*j. What is the units digit of j?
6
Let f = -17 + 56. What is the units digit of f?
9
What is the units digit of (199 + 1 + -3)*2?
4
Suppose 4*l + v = l + 233, -2*v + 312 = 4*l. Suppose 4*c = -5*z + l, -2*z - 2*z - 19 = -3*c. What is the units digit of c?
3
Let v = 31 + -57. What is the units digit of v/1*4/(-8)?
3
Let v = -7 + 3. Let q(g) be the third derivative of g**6/120 + g**5/15 - g**4/24 - g**3/3 - 3*g**2. What is the units digit of q(v)?
2
Suppose -b - 3*h + 319 - 28 = 0, -2*h + 852 = 3*b. What is the tens digit of b?
8
Let q(f) = f**3 + f**2 - 1. Let p = -6 + 10. Let d = p - 3. What is the units digit of q(d)?
1
Let o(f) = -6*f + 2. What is the tens digit of o(-2)?
1
Suppose 0 = -s + 2*s. Let o = s - -4. Suppose o*t + 50 = 5*p, -3*t - 7 = 3*p + 2*t. What is the units digit of p?
6
Let u(a) = -a**3 + 2. Let d be u(0). Suppose v + 4 = 2*v. Suppose -5*x = v*g - 29, -d*g - g + 17 = -x. What is the units digit of g?
6
Let l(i) = -i**2 + 8*i + 5. Let b be l(9). Let f = b - -5. What is the units digit of f?
1
Suppose -k - 12 = -77. What is the units digit of k?
5
Let d(i) = -2*i - 10. Let v = 15 + -24. What is the units digit of d(v)?
8
Let g be ((-18)/12)/(2/(-28)). Suppose -3*i + 9 = -g. What is the units digit of i?
0
Suppose -2*w + 7*w = 10. Suppose -2*v - 24 = -i, -3*v - v - w*i = 64. Let j = 22 + v. What is the units digit of j?
8
Suppose 8*l + 136 - 424 = 0. What is the units digit of l?
6
Suppose 10 + 65 = 5*p. Suppose 0*o + 3*o + 2*u = -4, o - 17 = 3*u. Suppose o*i - p = -i. What is the units digit of i?
5
Suppose -149 = 4*y + t, 4*y = -6*t + t - 137. Let g = -27 - y. What is the units digit of g?
1
Let a(t) = -t**2 - 8*t - 4. Let p be a(-7). Let s(w) = 4*w - 2. Let y be s(9). Suppose y = p*g + 7. What is the units digit of g?
9
Suppose -2*k + 53 = -3*f + 156, 3*f - 73 = -4*k. What is the units digit of f?
1
Suppose -142 = -6*g - 34. What is the tens digit of g?
1
Let q(a) = a**3 + 13*a**2 + 4*a + 36. What is the units digit of q(-11)?
4
Suppose 79 - 4 = 3*m. Suppose 4*y - f - 115 = 2*f, 2*y + 5*f = m. What is the units digit of y?
5
Suppose -c - 2*c + 4*g = -90, -5*c = 4*g - 118. What is the tens digit of c?
2
Suppose 54 = -4*k + 6*k. What is the tens digit of k?
2
Let w be (-4)/2 + -5 + 10. What is the units digit of ((-21)/2)/(w/(-4))?
4
Let d = 13 - 29. Suppose -23 = 2*p - p. Let x = d - p. What is the units digit of x?
7
Suppose 0 = 3*s - 0*s - 99. Let z be (1 + 0 - 4)/(-1). Suppose -s + z = -3*v. What is the units digit of v?
0
Let z be (-1)/(-2)*(-1 + -11). Let h = 10 + z. What is the units digit of h?
4
Let b(c) = -c**3 + 12*c**2 - 3*c - 16. Let a be b(11). Suppose a = -0*i + 3*i. What is the units digit of i?
4
Suppose -24 = d - 4*d. Suppose -d = -2*q + 12. What is the tens digit of q?
1
Let g(p) = 2*p**2 + 3*p + 2. Suppose -2*c + 3*l - 14 = 5, -3 = -c - l. Let q be g(c). Let z = q - 2. What is the units digit of z?
2
Let u(m) = -3*m + 0*m + 2*m. Let v be u(-3). Suppose -2*s + v*g = -28, -s + 0*g - 4 = 3*g. What is the units digit of s?
8
Let x(d) = -2*d**3 + 2*d + 1. Let s be x(-1). Let t(u) = -u**2 - 6*u - 5. Let l be t(-5). Let m = l + s. What is the units digit of m?
1
Let o = -152 + 214. What is the units digit of o?
2
Let b = -29 + 13. What is the units digit of (-2)/(-8) - 60/b?
4
Suppose -4*s + 236 = u, 4*s - 1024 + 348 = -3*u. What is the tens digit of u?
2
Let j(a) = 3*a**2 - 3*a + 5. What is the tens digit of j(2)?
1
Suppose 5*k - l = 22, -5*k + 3*l + 16 = -10. Let w = 22 - k. What is the tens digit of w?
1
Let g(z) = 10*z - 1. Let x be g(1). Suppose -4*w - 1 = -x. What is the units digit of w?
2
Let x(q) = -4*q**3 + q**3 - 3 - q + 4*q**3 - 2*q**3 - 8*q**2. What is the units digit of x(-8)?
5
Suppose -3*w + 65 = 2*w. Suppose -r + 3*f + w = 0, -3*r = -0*r - 2*f - 25. What is the units digit of r?
7
Suppose -x - 4*x + 430 = 0. What is the tens digit of x?
8
Let q(h) = -h**2 - 6*h + 2. Let c be q(-6). Let d(o) = -2*o - 1 + o**3 + o + 0*o. What is the units digit of d(c)?
5
Let d(g) = g + 1. Let b(f) = -8*f**2 + 7*f - 1. Let o(z) = -b(z) + 4*d(z). What is the units digit of o(2)?
1
Suppose 2*k = -k - 9, 3*p + 5*k - 201 = 0. What is the tens digit of p?
7
What is the tens digit of (-26)/(-4)*(8 - 6)?
1
Suppose 2*w + x - 2 - 1 = 0, 3*x + 21 = 4*w. Suppose -3*m - w = 12. Let d = m - -10. What is the units digit of d?
5
Let b(z) = -z**3 + 5*z**2 + 7*z + 2. Let f(q) = -q**3 + 6*q**2 - 4*q + 1. Let i(a) = -2*a - 5. Let g be i(-5). Let l be f(g). What is the units digit of b(l)?
8
Suppose -4*j + 3*w = -2*w + 12, 4*w = -2*j - 6. Let c = 1 - j. Suppose 0 = 3*b + m + 2*m - 6, -5*b = -m - c. What is the units digit of b?
1
Suppose 5*v - 3 = 7. What is the units digit of v/5 - 390/(-25)?
6
Suppose -150 = -3*v + 5*j, 4*v + 5*j + 200 = 8*v. What is the tens digit of v?
5
Let b(d) be the second derivative of 5*d**3/3 - 3*d**2/2 + 2*d. What is the tens digit of b(4)?
3
Suppose -7*y + 6*y = -28. What is the units digit of y?
8
Let d be (-7)/14 + 271/2. Suppose -3*k = g - d, 235 = k + 4*k + 5*g. What is the units digit of k?
4
Let v(p) = -p**2 - 9*p + 1. Let g = -18 - -10. Let l be v(g). What is the units digit of (-6)/(-8) - l/(-4)?
3
Let s = -80 - -161. What is the tens digit of s?
8
Let b = 96 + 31. What is the units digit of b?
7
Let y(r) = -2*r + 197. What is the hundreds digit of y(0)?
1
Let b be (9/6)/((-1)/(-10)). Suppose 3*k = -2*k. Suppose -3*j - 4*t + 39 = 0, j + 4*t - 2*t - b = k. What is the units digit of j?
9
Let a = 1 + 1. Suppose -2*n + a = -n. What is the units digit of n?
2
Let y = -3 + 6. Let c = -3 + y. Suppose 3*b - 8 - 16 = c. What is the units digit of b?
8
Let u(i) = -i - 4. Let b be u(-5). Suppose -c + y - 5*y = 15, 0 = -3*c + 5*y + 23. Let j = b + c. What is the units digit of j?
2
Let c(m) = m**2. Let o be c(-4). Suppose -2*q + o = -8. What is the tens digit of q?
1
Let v(n) = n**2 - 4*n - 5. Let y be v(5). Let h = 3 + y. Suppose u - h*u = -24. What is the units digit of u?
2
Suppose z + 5*n = -0*z - 14, 2*z - 2*n = 8. Let u(q) = q**2 - 3*q + 0 + z + 3. What is the units digit of u(3)?
4
Let s be (-3 + (-12)/(-4))/(-2). Suppose -5*t + s*t + 165 = 0. What is the units digit of t?
3
Let i(j) = j**2 - 2*j - 3. Let p be i(-3). Suppose -2*w + 68 = p. What is the units digit of w?
8
Suppose 0 = -0*b - 5*b + 20. Suppose 0 = -b*h + 28. What is the units digit of h?
7
Let s(v) = -v**2 - 22*v - 27. What is the units digit of s(-12)?
3
Let b(n) = n**3 + 3*n**2 + 2*n - 2. Let i be b(-4). Let v = 70 - 82. Let t = v - i. What is the tens digit of t?
1
Let o be 1*(-3 + 3 + 0). Suppose o = -l - 3*l + 20. What is the units digit of l?
5
Let t be 51/2*4/6. Let k = t + -7. What is the units digit of k?
0
Let p = 13 - 7. Let r = 29 - p. What is the tens digit of r?
2
Suppose 0 = -5*l + 9*l - 468. What is the units digit of l?
7
Let b = 7 - 2. Suppose 26 - 1 = b*c. What is the units digit of c?
5
Suppose -9 = -5*w + 2*w. Let x(k) = k**3 - 2*k**2 - 2*k - 2. What is the units digit of x(w)?
1
Let t = -4 - -1. Let m = -3 - t. Suppose m = 2*n - 2. What is the units digit of n?
1
Let p(j) = -j**2 + 7*j. Let g be p(7). Let f = 0 + -5. Let q = g - f. What is the units digit of q?
5
Let w = 136 + 30. What is the units digit of w?
6
Let s(n) = 60*n**2 - n - 2. What is the tens digit of s(-1)?
5
Suppose 2*a + 3*w = 109, a + 3*a + 3*w - 227 = 0. What is the tens digit of a?
5
Let l(a) = 85*a**2. What is the units digit of l(-1)?
5
Suppose -200 = -3*a + v + 3*v, v + 5 = 0. Suppose -c = -5*c + 5*s + 28, -4*c - 2*s = 0. Suppose -2*h + a = c*h. What is the units digit of h?
5
Let b = 40 + -15. Wh